{"id":25,"date":"2021-11-22T14:03:49","date_gmt":"2021-11-22T13:03:49","guid":{"rendered":"https:\/\/alfacar.limea.cz\/?page_id=25"},"modified":"2022-09-22T10:00:39","modified_gmt":"2022-09-22T08:00:39","slug":"cookies","status":"publish","type":"page","link":"https:\/\/www.alfavaria.cz\/vestavby\/cookies\/","title":{"rendered":"Cookies"},"content":{"rendered":"<section class=\"l-section wpb_row height_auto color_alternate\"><div class=\"l-section-h i-cf\"><div class=\"g-cols vc_row via_flex valign_top type_default stacking_default\"><div class=\"vc_col-sm-12 wpb_column vc_column_container\"><div class=\"vc_column-inner\"><div class=\"wpb_wrapper\"><section class=\"l-section wpb_row height_auto width_full\"><div class=\"l-section-h i-cf\"><div class=\"g-cols vc_row via_flex valign_top type_default stacking_default\"><div class=\"vc_col-sm-12 wpb_column vc_column_container\"><div class=\"vc_column-inner\"><div class=\"wpb_wrapper\"><div class=\"w-separator size_custom\" style=\"height:0.75rem\"><\/div><nav class=\"g-breadcrumbs us_custom_6c035179 has_text_color separator_icon align_left\" itemscope itemtype=\"http:\/\/schema.org\/BreadcrumbList\"><div class=\"g-breadcrumbs-item\" itemscope itemprop=\"itemListElement\" itemtype=\"http:\/\/schema.org\/ListItem\"><a itemprop=\"item\" href=\"https:\/\/www.alfavaria.cz\/vestavby\/\"><span itemprop=\"name\">Hlavn\u00ed str\u00e1nka<\/span><\/a><meta itemprop=\"position\" content=\"1\"\/><\/div><div class=\"g-breadcrumbs-separator\"><i class=\"far fa-angle-right\"><\/i><\/div><div class=\"g-breadcrumbs-item\">Str\u00e1nky<\/div><\/nav><div class=\"w-separator size_medium\"><\/div><\/div><\/div><\/div><\/div><\/div><\/section>\n<div class=\"wpb_text_column us_custom_d8cf6284\"><div class=\"wpb_wrapper\"><h1>Co jsou to Cookies<\/h1>\n<p>O tom, jak a co d\u011bl\u00e1me s do\u010dasn\u00fdmi soubory cookies.<\/p>\n<\/div><\/div><div class=\"w-separator size_custom\" style=\"height:3rem\" id=\"v4ee\"><style>@media(max-width:600px){ #v4ee{height:2rem!important}}<\/style><\/div><\/div><\/div><\/div><\/div><\/div><\/section><section class=\"l-section wpb_row thin height_auto\"><div class=\"l-section-h i-cf\"><div class=\"g-cols vc_row via_flex valign_top type_default stacking_default\"><div class=\"vc_col-sm-12 wpb_column vc_column_container\"><div class=\"vc_column-inner\"><div class=\"wpb_wrapper\"><div class=\"w-separator size_large\"><\/div><div class=\"wpb_text_column\"><div class=\"wpb_wrapper\"><h2>Co to jsou cookies?<\/h2>\n<p>Tyto Pravidla Cookies vysv\u011btluj\u00ed co jsou cookies a jak je pou\u017e\u00edv\u00e1me, n\u00e1mi vyu\u017e\u00edvan\u00e9 typy cookies, informace pomoc\u00ed cookies sb\u00edran\u00e9 a jak jsou tyto informace pou\u017e\u00edvan\u00e9, a jak spravovat nastaven\u00ed cookies.<\/p>\n<p>Cookies jsou mal\u00e9 textov\u00e9 soubory, kter\u00e9 jsou pou\u017e\u00edvan\u00e9 k uchov\u00e1n\u00ed mal\u00e9ho mno\u017estv\u00ed informac\u00ed. Jsou ulo\u017eeny na va\u0161e za\u0159\u00edzen\u00ed p\u0159i na\u010dten\u00ed str\u00e1nky ve va\u0161em prohl\u00ed\u017ee\u010di. Tyto cookies n\u00e1m pom\u00e1haj\u00ed k spr\u00e1vn\u00e9mu fungov\u00e1n\u00ed str\u00e1nek, d\u011blaj\u00ed je v\u00edce zabezpe\u010den\u00e9, poskytuj\u00ed lep\u0161\u00ed u\u017eivatelsk\u00fd z\u00e1\u017eitek, a pom\u00e1haj\u00ed n\u00e1m analyzovat v\u00fdkonnost str\u00e1nek, co funguje a kde je pot\u0159eba zapracovat na vylep\u0161en\u00ed.<\/p>\n<h2>Jak cookies pou\u017e\u00edv\u00e1me?<\/h2>\n<div>\n<p>Jako v\u011bt\u0161ina online slu\u017eeb, na\u0161e str\u00e1nky pou\u017e\u00edvaj\u00ed cookies prvn\u00ed strany a cookies t\u0159et\u00edch stran pro n\u011bkolik \u00fa\u010del\u016f. Cookies prvn\u00ed strany jsou nejv\u00edce d\u016fle\u017eit\u00e9, aby str\u00e1nky fungovaly spr\u00e1vn\u011b, nesb\u00edraj\u00ed \u017e\u00e1dn\u00e9 osobn\u011b identifikovateln\u00e9 \u00fadaje.<\/p>\n<p>Cookies t\u0159et\u00edch stran pou\u017e\u00edvan\u00e9 na na\u0161ich str\u00e1nk\u00e1ch slou\u017e\u00ed p\u0159edev\u0161\u00edm pro ur\u010dov\u00e1n\u00ed v\u00fdkonnosti str\u00e1nek, zp\u016fsob va\u0161\u00ed interakce s na\u0161\u00ed str\u00e1nkou, udr\u017euj\u00ed na\u0161e slu\u017eby bezpe\u010dn\u00e9, poskytuj\u00ed reklamu, kter\u00e1 je pro v\u00e1s relevantn\u00ed, a celkov\u011b v\u00e1m poskytnou lep\u0161\u00ed a vylep\u0161enou u\u017eivatelskou zku\u0161enost a pomohou urychlit va\u0161e budouc\u00ed interakce s na\u0161imi webov\u00fdmi str\u00e1nkami.<\/p>\n<h2>Typy n\u00e1mi vyu\u017e\u00edvan\u00fdch cookies<\/h2>\n<p>Nastaven\u00ed va\u0161ich cookie m\u016f\u017eete zm\u011bnit kdykoliv kliknut\u00edm na v\u00fd\u0161e uveden\u00e9 tla\u010d\u00edtko. To v\u00e1m umo\u017en\u00ed znovu nav\u0161t\u00edvit banner souhlasu se soubory cookie a zm\u011bnit sv\u00e9 preference nebo sv\u016fj souhlas ihned odvolat.<\/p>\n<p>Krom\u011b toho, r\u016fzn\u00e9 prohl\u00ed\u017ee\u010de poskytuj\u00ed r\u016fzn\u00e9 zp\u016fsoby blokov\u00e1n\u00ed a maz\u00e1n\u00ed soubor\u016f cookie pou\u017e\u00edvan\u00fdch webov\u00fdmi str\u00e1nkami. M\u016f\u017eete zm\u011bnit nastaven\u00ed sv\u00e9ho prohl\u00ed\u017ee\u010de tak, aby blokoval\/smazal soubory cookie. N\u00ed\u017ee jsou uvedeny odkazy na podp\u016frn\u00e9 dokumenty o tom, jak spravovat a odstra\u0148ovat soubory cookie z nejpou\u017e\u00edvan\u011bj\u0161\u00edch webov\u00fdch prohl\u00ed\u017ee\u010d\u016f.<\/p>\n<ul>\n<li><a href=\"https:\/\/support.google.com\/accounts\/answer\/61416?hl=cs\" target=\"_blank\" rel=\"noopener\">Chrome<\/a><\/li>\n<li><a href=\"https:\/\/support.mozilla.org\/cs\/kb\/blokovani-cookies\" target=\"_blank\" rel=\"noopener\">Firefox<\/a><\/li>\n<li><a href=\"https:\/\/support.microsoft.com\/cs-cz\/help\/17442\/windows-internet-explorer-delete-manage-cookies\" target=\"_blank\" rel=\"noopener\">Internet Explorer<\/a><\/li>\n<li><a href=\"https:\/\/support.google.com\/accounts\/answer\/32050?co=GENIE.Platform%3DAndroid&amp;hl=en\" target=\"_blank\" rel=\"noopener\">Android \u2013 r\u016fzn\u00e9 prohl\u00ed\u017ee\u010de<\/a><\/li>\n<\/ul>\n<p>Pokud pou\u017e\u00edv\u00e1te jin\u00fd prohl\u00ed\u017ee\u010d, nav\u0161tivte pros\u00edm ofici\u00e1ln\u00ed dokumenty podpory va\u0161eho prohl\u00ed\u017ee\u010de.<\/p>\n<\/div>\n<\/div><\/div><div class=\"w-separator size_small\"><\/div><div class=\"w-vwrapper align_none valign_top\" style=\"--vwrapper-gap:0rem\"><time class=\"w-post-elm post_date us_custom_064d3121 entry-date published\" datetime=\"2021-11-22T14:03:49+01:00\" title=\"22 listopadu 2021 (14:03:49 Europe\/Prague)\" itemprop=\"datePublished\"><span class=\"w-post-elm-before\">Datum vytvo\u0159en\u00ed: <\/span>p\u0159ed 4 roky<\/time><time class=\"w-post-elm post_date us_custom_064d3121 entry-date updated\" datetime=\"2022-09-22T10:00:39+02:00\" title=\"22 z\u00e1\u0159\u00ed 2022 (10:00:39 Europe\/Prague)\" itemprop=\"dateModified\"><span class=\"w-post-elm-before\">Datum posledn\u00ed aktualizace: <\/span>p\u0159ed 4 roky<\/time><\/div><div class=\"w-separator size_small\"><\/div><div class=\"wpb_text_column\"><div class=\"wpb_wrapper\"><div id=\"cmplz-manage-consent-container-nojavascript\">You have loaded the Cookie Policy without javascript support.&nbsp;On AMP, you can use the manage consent button on the bottom of the page.<\/div><div id=\"cmplz-manage-consent-container\" name=\"cmplz-manage-consent-container\" class=\"cmplz-manage-consent-container\"><\/div>\n<\/div><\/div><div class=\"w-separator size_huge\"><\/div><\/div><\/div><\/div><\/div><\/div><\/section>\n","protected":false},"excerpt":{"rendered":"Hlavn\u00ed str\u00e1nkaStr\u00e1nky Co jsou to Cookies O tom, jak a co d\u011bl\u00e1me s do\u010dasn\u00fdmi soubory cookies. Co to jsou cookies? Tyto Pravidla Cookies vysv\u011btluj\u00ed co jsou cookies a jak je pou\u017e\u00edv\u00e1me, n\u00e1mi vyu\u017e\u00edvan\u00e9 typy cookies, informace pomoc\u00ed cookies sb\u00edran\u00e9 a jak jsou tyto informace pou\u017e\u00edvan\u00e9, a jak spravovat nastaven\u00ed cookies. Cookies jsou mal\u00e9 textov\u00e9 soubory,...","protected":false},"author":4,"featured_media":0,"parent":0,"menu_order":2,"comment_status":"closed","ping_status":"closed","template":"","meta":{"_acf_changed":false,"footnotes":""},"class_list":["post-25","page","type-page","status-publish","hentry"],"acf":[],"_links":{"self":[{"href":"https:\/\/www.alfavaria.cz\/vestavby\/wp-json\/wp\/v2\/pages\/25","targetHints":{"allow":["GET"]}}],"collection":[{"href":"https:\/\/www.alfavaria.cz\/vestavby\/wp-json\/wp\/v2\/pages"}],"about":[{"href":"https:\/\/www.alfavaria.cz\/vestavby\/wp-json\/wp\/v2\/types\/page"}],"author":[{"embeddable":true,"href":"https:\/\/www.alfavaria.cz\/vestavby\/wp-json\/wp\/v2\/users\/4"}],"replies":[{"embeddable":true,"href":"https:\/\/www.alfavaria.cz\/vestavby\/wp-json\/wp\/v2\/comments?post=25"}],"version-history":[{"count":0,"href":"https:\/\/www.alfavaria.cz\/vestavby\/wp-json\/wp\/v2\/pages\/25\/revisions"}],"wp:attachment":[{"href":"https:\/\/www.alfavaria.cz\/vestavby\/wp-json\/wp\/v2\/media?parent=25"}],"curies":[{"name":"wp","href":"https:\/\/api.w.org\/{rel}","templated":true}]}}